{"id":26,"date":"2016-01-12T12:05:59","date_gmt":"2016-01-12T12:05:59","guid":{"rendered":"http:\/\/asylkreis-oftersheim.de\/?page_id=26"},"modified":"2023-10-20T09:22:00","modified_gmt":"2023-10-20T08:22:00","slug":"spenden-mithilfe","status":"publish","type":"page","link":"http:\/\/asylkreis-oftersheim.de\/?page_id=26","title":{"rendered":"Spenden und Hilfegesuche"},"content":{"rendered":"<p><strong>Ehrenamtliche Unterst\u00fctzung<\/strong><br \/>\nDer Asylkreis Oftersheim sucht tatkr\u00e4ftige Unterst\u00fctzung f\u00fcr die Hausaufgabenbetreuung. Unter Einhaltung der Corona-Regelungen helfen ehrenamtliche Mitarbeiterinnen montags und donnerstags von 15 bis 16 Uhr im ev. Gemeindehaus den Oftersheimer Fl\u00fcchtlingskindern bei den Hausaufgaben und beim Deutschlernen.<br \/>\nWenn Sie Zeit und Lust haben, den Sch\u00fclern zu helfen und den Asylkreis zu unterst\u00fctzen, melden Sie sich bitte bei Frau Frerks per Mail unter <a href=\"mailto:a.frerks@t-online.de\">a.frerks@t-online.de<\/a> oder unter der Telefonnummer 575961.<\/p>\n<p>Auch in anderen Bereichen wird tatkr\u00e4ftige Unterst\u00fctzung gesucht. Das Aufgabenspektrum sowie der zeitliche Umfang einer ehrenamtlichen T\u00e4tigkeit k\u00f6nnen individuell verabredet werden. Die Unterst\u00fctzung kann von der Hilfestellung bei Beh\u00f6rdeng\u00e4ngen \u00fcber Deutschnachhilfe bis hin zur Organisation von gemeinsamen Ausfl\u00fcgen reichen. Wenn Sie sich dem Team des Asylkreises anschlie\u00dfen m\u00f6chten, wenden Sie sich bitte an Heidi Joos (<a href=\"mailto:heidi_joos@gmx.de\">heidi_joos@gmx.de<\/a>, 9509078).<\/p>\n<p><strong>Geldspenden<\/strong><br \/>\nGeldspenden an den Asylkreis k\u00f6nnen auf eines der folgenden Gemeindekonten \u00fcberwiesen werden:<br \/>\n<strong><br \/>\nBankverbindungen:<\/strong><br \/>\n<strong> Volksbank\u00a0Kur- und Rheinpfalz\u00a0EG Speyer<\/strong><br \/>\nKontoinhaber: Gemeinde Oftersheim<strong><br \/>\n<\/strong>Verwendungszweck:\u00a0Asylkreis Oftersheim<strong><br \/>\n<\/strong>BLZ\u00a0547 900\u00a000 \/ Konto-Nr. 602 6303<br \/>\nBIC:\u00a0\u00a0\u00a0 GENODE61SPE<br \/>\nIBAN:\u00a0 DE44 5479 0000 0006 0263 03<\/p>\n<p><strong>Sparkasse Heidelberg<\/strong><br \/>\nKontoinhaber: Gemeinde Oftersheim<strong><br \/>\n<\/strong>Verwendungszweck: Asylkreis Oftersheim<strong><br \/>\n<\/strong>BLZ 672 500 20 \/ Konto-Nr. 238 011 75<br \/>\nBIC:\u00a0\u00a0\u00a0SOLADES1HDB<br \/>\nIBAN:\u00a0DE17 6725 0020 0023 8011 75<\/p>\n","protected":false},"excerpt":{"rendered":"<p>Ehrenamtliche Unterst\u00fctzung Der Asylkreis Oftersheim sucht tatkr\u00e4ftige Unterst\u00fctzung f\u00fcr die Hausaufgabenbetreuung. Unter Einhaltung der Corona-Regelungen helfen ehrenamtliche Mitarbeiterinnen montags und donnerstags von 15 bis 16 Uhr im ev. Gemeindehaus den Oftersheimer Fl\u00fcchtlingskindern bei den Hausaufgaben und beim Deutschlernen. Wenn Sie Zeit und Lust haben, den Sch\u00fclern zu helfen und den Asylkreis zu unterst\u00fctzen, melden Sie [&hellip;]<\/p>\n","protected":false},"author":1,"featured_media":0,"parent":0,"menu_order":0,"comment_status":"closed","ping_status":"closed","template":"","meta":{"footnotes":""},"class_list":["post-26","page","type-page","status-publish","hentry"],"_links":{"self":[{"href":"http:\/\/asylkreis-oftersheim.de\/index.php?rest_route=\/wp\/v2\/pages\/26","targetHints":{"allow":["GET"]}}],"collection":[{"href":"http:\/\/asylkreis-oftersheim.de\/index.php?rest_route=\/wp\/v2\/pages"}],"about":[{"href":"http:\/\/asylkreis-oftersheim.de\/index.php?rest_route=\/wp\/v2\/types\/page"}],"author":[{"embeddable":true,"href":"http:\/\/asylkreis-oftersheim.de\/index.php?rest_route=\/wp\/v2\/users\/1"}],"replies":[{"embeddable":true,"href":"http:\/\/asylkreis-oftersheim.de\/index.php?rest_route=%2Fwp%2Fv2%2Fcomments&post=26"}],"version-history":[{"count":49,"href":"http:\/\/asylkreis-oftersheim.de\/index.php?rest_route=\/wp\/v2\/pages\/26\/revisions"}],"predecessor-version":[{"id":1418,"href":"http:\/\/asylkreis-oftersheim.de\/index.php?rest_route=\/wp\/v2\/pages\/26\/revisions\/1418"}],"wp:attachment":[{"href":"http:\/\/asylkreis-oftersheim.de\/index.php?rest_route=%2Fwp%2Fv2%2Fmedia&parent=26"}],"curies":[{"name":"wp","href":"https:\/\/api.w.org\/{rel}","templated":true}]}}